{"version":"1.0","provider_name":"G\u00e1vea News","provider_url":"https:\/\/www.gaveanews.com","author_name":"Equipe G\u00e1vea News","author_url":"https:\/\/www.gaveanews.com\/index.php\/author\/hugo\/","title":"Maior jornal da Argentina exalta Pedro, do Flamengo","type":"rich","width":600,"height":338,"html":"<blockquote class=\"wp-embedded-content\" data-secret=\"rMF3qI25sh\"><a href=\"https:\/\/www.gaveanews.com\/index.php\/2020\/10\/26\/maior-jornal-da-argentina-exalta-pedro-do-flamengo\/\">Maior jornal da Argentina exalta Pedro, do Flamengo<\/a><\/blockquote><iframe sandbox=\"allow-scripts\" security=\"restricted\" src=\"https:\/\/www.gaveanews.com\/index.php\/2020\/10\/26\/maior-jornal-da-argentina-exalta-pedro-do-flamengo\/embed\/#?secret=rMF3qI25sh\" width=\"600\" height=\"338\" title=\"&#8220;Maior jornal da Argentina exalta Pedro, do Flamengo&#8221; &#8212; G\u00e1vea News\" data-secret=\"rMF3qI25sh\" frameborder=\"0\" marginwidth=\"0\" marginheight=\"0\" scrolling=\"no\" class=\"wp-embedded-content\"><\/iframe><script type=\"text\/javascript\">\n\/* <![CDATA[ *\/\n\/*! This file is auto-generated *\/\n!function(d,l){\"use strict\";l.querySelector&&d.addEventListener&&\"undefined\"!=typeof URL&&(d.wp=d.wp||{},d.wp.receiveEmbedMessage||(d.wp.receiveEmbedMessage=function(e){var t=e.data;if((t||t.secret||t.message||t.value)&&!\/[^a-zA-Z0-9]\/.test(t.secret)){for(var s,r,n,a=l.querySelectorAll('iframe[data-secret=\"'+t.secret+'\"]'),o=l.querySelectorAll('blockquote[data-secret=\"'+t.secret+'\"]'),c=new RegExp(\"^https?:$\",\"i\"),i=0;i<o.length;i++)o[i].style.display=\"none\";for(i=0;i<a.length;i++)s=a[i],e.source===s.contentWindow&&(s.removeAttribute(\"style\"),\"height\"===t.message?(1e3<(r=parseInt(t.value,10))?r=1e3:~~r<200&&(r=200),s.height=r):\"link\"===t.message&&(r=new URL(s.getAttribute(\"src\")),n=new URL(t.value),c.test(n.protocol))&&n.host===r.host&&l.activeElement===s&&(d.top.location.href=t.value))}},d.addEventListener(\"message\",d.wp.receiveEmbedMessage,!1),l.addEventListener(\"DOMContentLoaded\",function(){for(var e,t,s=l.querySelectorAll(\"iframe.wp-embedded-content\"),r=0;r<s.length;r++)(t=(e=s[r]).getAttribute(\"data-secret\"))||(t=Math.random().toString(36).substring(2,12),e.src+=\"#?secret=\"+t,e.setAttribute(\"data-secret\",t)),e.contentWindow.postMessage({message:\"ready\",secret:t},\"*\")},!1)))}(window,document);\n\/\/# sourceURL=https:\/\/www.gaveanews.com\/wp-includes\/js\/wp-embed.min.js\n\/* ]]> *\/\n<\/script>\n","thumbnail_url":"https:\/\/www.gaveanews.com\/wp-content\/uploads\/Pedro-comemora-apos-marcar-o-primeiro-gol-da-partida-entre-Flamengo-e-Bahia.webp","thumbnail_width":800,"thumbnail_height":533,"description":"Ap\u00f3s o sorteio realizado na \u00faltima sexta-feira, que colocou o Racing como advers\u00e1rio do Flamengo nas oitavas de final da Conmebol Libertadores, a imprensa argentina j\u00e1 voltou seus olhos \u00e0 equipe comandada por Domenec Torrent. E tem ficado encantada com um nome: Pedro. Maior jornal esportivo da Argentina, o Ol\u00e9 se debru\u00e7ou sobre a atua\u00e7\u00e3o [&hellip;]"}

Gávea News

Equipe Gávea News

<blockquote class="wp-embedded-content" data-secret="rMF3qI25sh"><a href="https://www.gaveanews.com/index.php/2020/10/26/maior-jornal-da-argentina-exalta-pedro-do-flamengo/">Maior jornal da Argentina exalta Pedro, do Flamengo</a></blockquote><iframe sandbox="allow-scripts" security="restricted" src="https://www.gaveanews.com/index.php/2020/10/26/maior-jornal-da-argentina-exalta-pedro-do-flamengo/embed/#?secret=rMF3qI25sh" width="600" height="338" title="&#8220;Maior jornal da Argentina exalta Pedro, do Flamengo&#8221; &#8212; Gávea News" data-secret="rMF3qI25sh" frameborder="0" marginwidth="0" marginheight="0" scrolling="no" class="wp-embedded-content"></iframe><script type="text/javascript">
/* <![CDATA[ */
/*! This file is auto-generated */
!function(d,l){"use strict";l.querySelector&&d.addEventListener&&"undefined"!=typeof URL&&(d.wp=d.wp||{},d.wp.receiveEmbedMessage||(d.wp.receiveEmbedMessage=function(e){var t=e.data;if((t||t.secret||t.message||t.value)&&!/[^a-zA-Z0-9]/.test(t.secret)){for(var s,r,n,a=l.querySelectorAll('iframe[data-secret="'+t.secret+'"]'),o=l.querySelectorAll('blockquote[data-secret="'+t.secret+'"]'),c=new RegExp("^https?:$","i"),i=0;i<o.length;i++)o[i].style.display="none";for(i=0;i<a.length;i++)s=a[i],e.source===s.contentWindow&&(s.removeAttribute("style"),"height"===t.message?(1e3<(r=parseInt(t.value,10))?r=1e3:~~r<200&&(r=200),s.height=r):"link"===t.message&&(r=new URL(s.getAttribute("src")),n=new URL(t.value),c.test(n.protocol))&&n.host===r.host&&l.activeElement===s&&(d.top.location.href=t.value))}},d.addEventListener("message",d.wp.receiveEmbedMessage,!1),l.addEventListener("DOMContentLoaded",function(){for(var e,t,s=l.querySelectorAll("iframe.wp-embedded-content"),r=0;r<s.length;r++)(t=(e=s[r]).getAttribute("data-secret"))||(t=Math.random().toString(36).substring(2,12),e.src+="#?secret="+t,e.setAttribute("data-secret",t)),e.contentWindow.postMessage({message:"ready",secret:t},"*")},!1)))}(window,document);
//# sourceURL=https://www.gaveanews.com/wp-includes/js/wp-embed.min.js
/* ]]> */
</script>

Após o sorteio realizado na última sexta-feira, que colocou o Racing como adversário do Flamengo nas oitavas de final da Conmebol Libertadores, a imprensa argentina já voltou seus olhos à equipe comandada por Domenec Torrent. E tem ficado encantada com um nome: Pedro. Maior jornal esportivo da Argentina, o Olé se debruçou sobre a atuação [&hellip;]
