{"version":"1.0","provider_name":"G\u00e1vea News","provider_url":"https:\/\/www.gaveanews.com","author_name":"Paula Silva","author_url":"https:\/\/www.gaveanews.com\/index.php\/author\/paula-mattos\/","title":"Revela\u00e7\u00e3o do Flamengo assina com time carioca","type":"rich","width":600,"height":338,"html":"<blockquote class=\"wp-embedded-content\" data-secret=\"Q3kGaDwloo\"><a href=\"https:\/\/www.gaveanews.com\/index.php\/2024\/07\/23\/revelacao-do-flamengo-assina-com-time-carioca\/\">Revela\u00e7\u00e3o do Flamengo assina com time carioca<\/a><\/blockquote><iframe sandbox=\"allow-scripts\" security=\"restricted\" src=\"https:\/\/www.gaveanews.com\/index.php\/2024\/07\/23\/revelacao-do-flamengo-assina-com-time-carioca\/embed\/#?secret=Q3kGaDwloo\" width=\"600\" height=\"338\" title=\"&#8220;Revela\u00e7\u00e3o do Flamengo assina com time carioca&#8221; &#8212; G\u00e1vea News\" data-secret=\"Q3kGaDwloo\" frameborder=\"0\" marginwidth=\"0\" marginheight=\"0\" scrolling=\"no\" class=\"wp-embedded-content\"><\/iframe><script type=\"text\/javascript\">\n\/* <![CDATA[ *\/\n\/*! This file is auto-generated *\/\n!function(d,l){\"use strict\";l.querySelector&&d.addEventListener&&\"undefined\"!=typeof URL&&(d.wp=d.wp||{},d.wp.receiveEmbedMessage||(d.wp.receiveEmbedMessage=function(e){var t=e.data;if((t||t.secret||t.message||t.value)&&!\/[^a-zA-Z0-9]\/.test(t.secret)){for(var s,r,n,a=l.querySelectorAll('iframe[data-secret=\"'+t.secret+'\"]'),o=l.querySelectorAll('blockquote[data-secret=\"'+t.secret+'\"]'),c=new RegExp(\"^https?:$\",\"i\"),i=0;i<o.length;i++)o[i].style.display=\"none\";for(i=0;i<a.length;i++)s=a[i],e.source===s.contentWindow&&(s.removeAttribute(\"style\"),\"height\"===t.message?(1e3<(r=parseInt(t.value,10))?r=1e3:~~r<200&&(r=200),s.height=r):\"link\"===t.message&&(r=new URL(s.getAttribute(\"src\")),n=new URL(t.value),c.test(n.protocol))&&n.host===r.host&&l.activeElement===s&&(d.top.location.href=t.value))}},d.addEventListener(\"message\",d.wp.receiveEmbedMessage,!1),l.addEventListener(\"DOMContentLoaded\",function(){for(var e,t,s=l.querySelectorAll(\"iframe.wp-embedded-content\"),r=0;r<s.length;r++)(t=(e=s[r]).getAttribute(\"data-secret\"))||(t=Math.random().toString(36).substring(2,12),e.src+=\"#?secret=\"+t,e.setAttribute(\"data-secret\",t)),e.contentWindow.postMessage({message:\"ready\",secret:t},\"*\")},!1)))}(window,document);\n\/\/# sourceURL=https:\/\/www.gaveanews.com\/wp-includes\/js\/wp-embed.min.js\n\/* ]]> *\/\n<\/script>\n","thumbnail_url":"https:\/\/www.gaveanews.com\/wp-content\/uploads\/Pablo-Maldini-posa-para-foto-com-a-camisa-do-Boavista.webp","thumbnail_width":800,"thumbnail_height":533,"description":"Meio do ano significa janela de transfer\u00eancias em aberto, ou seja, os clubes podem se movimentar no mercado em busca de refor\u00e7os. Nesse cen\u00e1rio, um jovem revelado nas categorias de base do Flamengo foi anunciado pelo Am\u00e9rica-RJ: Pablo Maldini. Cria do Ninho do Urubu, Pablo Maldini acertou com o Mec\u00e3o, que \u00e9 presidido por Rom\u00e1rio, [&hellip;]"}

Gávea News

Revelação do Flamengo assina com time carioca

<blockquote class="wp-embedded-content" data-secret="Q3kGaDwloo"><a href="https://www.gaveanews.com/index.php/2024/07/23/revelacao-do-flamengo-assina-com-time-carioca/">Revelação do Flamengo assina com time carioca</a></blockquote><iframe sandbox="allow-scripts" security="restricted" src="https://www.gaveanews.com/index.php/2024/07/23/revelacao-do-flamengo-assina-com-time-carioca/embed/#?secret=Q3kGaDwloo" width="600" height="338" title="&#8220;Revelação do Flamengo assina com time carioca&#8221; &#8212; Gávea News" data-secret="Q3kGaDwloo" frameborder="0" marginwidth="0" marginheight="0" scrolling="no" class="wp-embedded-content"></iframe><script type="text/javascript">
/* <![CDATA[ */
/*! This file is auto-generated */
!function(d,l){"use strict";l.querySelector&&d.addEventListener&&"undefined"!=typeof URL&&(d.wp=d.wp||{},d.wp.receiveEmbedMessage||(d.wp.receiveEmbedMessage=function(e){var t=e.data;if((t||t.secret||t.message||t.value)&&!/[^a-zA-Z0-9]/.test(t.secret)){for(var s,r,n,a=l.querySelectorAll('iframe[data-secret="'+t.secret+'"]'),o=l.querySelectorAll('blockquote[data-secret="'+t.secret+'"]'),c=new RegExp("^https?:$","i"),i=0;i<o.length;i++)o[i].style.display="none";for(i=0;i<a.length;i++)s=a[i],e.source===s.contentWindow&&(s.removeAttribute("style"),"height"===t.message?(1e3<(r=parseInt(t.value,10))?r=1e3:~~r<200&&(r=200),s.height=r):"link"===t.message&&(r=new URL(s.getAttribute("src")),n=new URL(t.value),c.test(n.protocol))&&n.host===r.host&&l.activeElement===s&&(d.top.location.href=t.value))}},d.addEventListener("message",d.wp.receiveEmbedMessage,!1),l.addEventListener("DOMContentLoaded",function(){for(var e,t,s=l.querySelectorAll("iframe.wp-embedded-content"),r=0;r<s.length;r++)(t=(e=s[r]).getAttribute("data-secret"))||(t=Math.random().toString(36).substring(2,12),e.src+="#?secret="+t,e.setAttribute("data-secret",t)),e.contentWindow.postMessage({message:"ready",secret:t},"*")},!1)))}(window,document);
//# sourceURL=https://www.gaveanews.com/wp-includes/js/wp-embed.min.js
/* ]]> */
</script>

Meio do ano significa janela de transferências em aberto, ou seja, os clubes podem se movimentar no mercado em busca de reforços. Nesse cenário, um jovem revelado nas categorias de base do Flamengo foi anunciado pelo América-RJ: Pablo Maldini. Cria do Ninho do Urubu, Pablo Maldini acertou com o Mecão, que é presidido por Romário, [&hellip;]
