{"version":"1.0","provider_name":"G\u00e1vea News","provider_url":"https:\/\/www.gaveanews.com","author_name":"Rafaela Ladeira","author_url":"https:\/\/www.gaveanews.com\/index.php\/author\/rafaela-ladeira\/","title":"CT do Flamengo impressiona atacante europeu","type":"rich","width":600,"height":338,"html":"<blockquote class=\"wp-embedded-content\" data-secret=\"r4dZLdllxF\"><a href=\"https:\/\/www.gaveanews.com\/index.php\/2025\/07\/17\/ct-do-flamengo-impressiona-atacante-europeu\/\">CT do Flamengo impressiona atacante europeu<\/a><\/blockquote><iframe sandbox=\"allow-scripts\" security=\"restricted\" src=\"https:\/\/www.gaveanews.com\/index.php\/2025\/07\/17\/ct-do-flamengo-impressiona-atacante-europeu\/embed\/#?secret=r4dZLdllxF\" width=\"600\" height=\"338\" title=\"&#8220;CT do Flamengo impressiona atacante europeu&#8221; &#8212; G\u00e1vea News\" data-secret=\"r4dZLdllxF\" frameborder=\"0\" marginwidth=\"0\" marginheight=\"0\" scrolling=\"no\" class=\"wp-embedded-content\"><\/iframe><script type=\"text\/javascript\">\n\/* <![CDATA[ *\/\n\/*! This file is auto-generated *\/\n!function(d,l){\"use strict\";l.querySelector&&d.addEventListener&&\"undefined\"!=typeof URL&&(d.wp=d.wp||{},d.wp.receiveEmbedMessage||(d.wp.receiveEmbedMessage=function(e){var t=e.data;if((t||t.secret||t.message||t.value)&&!\/[^a-zA-Z0-9]\/.test(t.secret)){for(var s,r,n,a=l.querySelectorAll('iframe[data-secret=\"'+t.secret+'\"]'),o=l.querySelectorAll('blockquote[data-secret=\"'+t.secret+'\"]'),c=new RegExp(\"^https?:$\",\"i\"),i=0;i<o.length;i++)o[i].style.display=\"none\";for(i=0;i<a.length;i++)s=a[i],e.source===s.contentWindow&&(s.removeAttribute(\"style\"),\"height\"===t.message?(1e3<(r=parseInt(t.value,10))?r=1e3:~~r<200&&(r=200),s.height=r):\"link\"===t.message&&(r=new URL(s.getAttribute(\"src\")),n=new URL(t.value),c.test(n.protocol))&&n.host===r.host&&l.activeElement===s&&(d.top.location.href=t.value))}},d.addEventListener(\"message\",d.wp.receiveEmbedMessage,!1),l.addEventListener(\"DOMContentLoaded\",function(){for(var e,t,s=l.querySelectorAll(\"iframe.wp-embedded-content\"),r=0;r<s.length;r++)(t=(e=s[r]).getAttribute(\"data-secret\"))||(t=Math.random().toString(36).substring(2,12),e.src+=\"#?secret=\"+t,e.setAttribute(\"data-secret\",t)),e.contentWindow.postMessage({message:\"ready\",secret:t},\"*\")},!1)))}(window,document);\n\/\/# sourceURL=https:\/\/www.gaveanews.com\/wp-includes\/js\/wp-embed.min.js\n\/* ]]> *\/\n<\/script>\n","thumbnail_url":"https:\/\/www.gaveanews.com\/wp-content\/uploads\/fachada-do-modulo-profissional-do-ninho-do-urubu-centro-de-treinamento-do-flamengo-1642444901774_v2_1x1.webp","thumbnail_width":1361,"thumbnail_height":1363,"description":"Se o futebol brasileiro \u00e9 refer\u00eancia mundial em talento dentro de campo, o Flamengo mostra que fora dele tamb\u00e9m est\u00e1 \u00e0 altura dos maiores clubes do planeta. Quem confirma isso \u00e9 Amine Adli, atacante do Bayer Leverkusen (ALE), que rasgou elogios \u00e0 estrutura do Rubro-Negro durante a pr\u00e9-temporada do time alem\u00e3o no CT do Ninho [&hellip;]"}

Gávea News

<blockquote class="wp-embedded-content" data-secret="r4dZLdllxF"><a href="https://www.gaveanews.com/index.php/2025/07/17/ct-do-flamengo-impressiona-atacante-europeu/">CT do Flamengo impressiona atacante europeu</a></blockquote><iframe sandbox="allow-scripts" security="restricted" src="https://www.gaveanews.com/index.php/2025/07/17/ct-do-flamengo-impressiona-atacante-europeu/embed/#?secret=r4dZLdllxF" width="600" height="338" title="&#8220;CT do Flamengo impressiona atacante europeu&#8221; &#8212; Gávea News" data-secret="r4dZLdllxF" frameborder="0" marginwidth="0" marginheight="0" scrolling="no" class="wp-embedded-content"></iframe><script type="text/javascript">
/* <![CDATA[ */
/*! This file is auto-generated */
!function(d,l){"use strict";l.querySelector&&d.addEventListener&&"undefined"!=typeof URL&&(d.wp=d.wp||{},d.wp.receiveEmbedMessage||(d.wp.receiveEmbedMessage=function(e){var t=e.data;if((t||t.secret||t.message||t.value)&&!/[^a-zA-Z0-9]/.test(t.secret)){for(var s,r,n,a=l.querySelectorAll('iframe[data-secret="'+t.secret+'"]'),o=l.querySelectorAll('blockquote[data-secret="'+t.secret+'"]'),c=new RegExp("^https?:$","i"),i=0;i<o.length;i++)o[i].style.display="none";for(i=0;i<a.length;i++)s=a[i],e.source===s.contentWindow&&(s.removeAttribute("style"),"height"===t.message?(1e3<(r=parseInt(t.value,10))?r=1e3:~~r<200&&(r=200),s.height=r):"link"===t.message&&(r=new URL(s.getAttribute("src")),n=new URL(t.value),c.test(n.protocol))&&n.host===r.host&&l.activeElement===s&&(d.top.location.href=t.value))}},d.addEventListener("message",d.wp.receiveEmbedMessage,!1),l.addEventListener("DOMContentLoaded",function(){for(var e,t,s=l.querySelectorAll("iframe.wp-embedded-content"),r=0;r<s.length;r++)(t=(e=s[r]).getAttribute("data-secret"))||(t=Math.random().toString(36).substring(2,12),e.src+="#?secret="+t,e.setAttribute("data-secret",t)),e.contentWindow.postMessage({message:"ready",secret:t},"*")},!1)))}(window,document);
//# sourceURL=https://www.gaveanews.com/wp-includes/js/wp-embed.min.js
/* ]]> */
</script>

Se o futebol brasileiro é referência mundial em talento dentro de campo, o Flamengo mostra que fora dele também está à altura dos maiores clubes do planeta. Quem confirma isso é Amine Adli, atacante do Bayer Leverkusen (ALE), que rasgou elogios à estrutura do Rubro-Negro durante a pré-temporada do time alemão no CT do Ninho [&hellip;]
