{"id":4630,"date":"2018-09-15T15:51:06","date_gmt":"2018-09-15T18:51:06","guid":{"rendered":"https:\/\/www.gaveanews.com\/?page_id=4630"},"modified":"2020-06-24T16:12:25","modified_gmt":"2020-06-24T19:12:25","slug":"receber-noticias-pelo-whatsapp","status":"publish","type":"page","link":"https:\/\/www.gaveanews.com\/index.php\/receber-noticias-pelo-whatsapp\/","title":{"rendered":"Receber not\u00edcias pelo WhatsApp"},"content":{"rendered":"<p><script src='https:\/\/code.jquery.com\/jquery-3.3.1.min.js'><\/script><br \/>\n<script>\n        $ = jQuery;\n        function showMessage(message){\n            $('#mensagem .message').html(message);\n            $(\"#mensagem-contents\").show();\n        }\n        $(document).ready(function(){\n            var element = $('#result-data')\n            if(element.length > 0){\n                var registrado = element.attr('user-already-exists');\n                var ddi = element.attr('remetente-ddi');\n                var ddd = element.attr('remetente-ddd');\n                var telefone= element.attr('remetente-telefone');\n                if(registrado == true){\n                    showMessage('N\u00famero j\u00e1 cadastrado anteriormente! Por gentileza, certifique-se que o n\u00famero +'+ddi+' ('+ddd+') '+telefone + ' esteja adicionado aos seus contatos e encaminhe-nos uma mensagem via WhatsApp.');\n                }else{\n                    showMessage('Cadastro realizado com sucesso! Para finalizar, por gentileza, adicione o n\u00famero +'+ddi+' ('+ddd+') '+telefone+' em seus contatos e envie o seu nome para o nosso WhatsApp.');\n                }\n            }\n        });\n    <\/script><\/p>\n<style>\n    form input[type=text], select {\n        width: 100%;\n        padding: 12px 20px;\n        margin: 8px 0;\n        display: inline-block;\n        border: 1px solid #ccc;\n        border-radius: 4px;\n        box-sizing: border-box;\n        font-family: Verdana;\n    }\n    form input[type=number], select {\n        padding: 12px 20px;\n        margin: 8px 0;\n        display: inline-block;\n        border: 1px solid #ccc;\n        border-radius: 4px;\n        box-sizing: border-box;\n        font-family: Verdana;\nwidth: 100%;\n    }\n    form input[type=submit] {\n        width: 100%;\n        background-color: #B90000;\n        color: white;\n        padding: 14px 20px;\n        margin: 8px 0;\n        border: none;\n        border-radius: 4px;\n        cursor: pointer;\n        font-family: Verdana;\n    }\n    form input[type=submit]:hover {\n        background-color: #720909;\n    }\n    form label{\n        font-family: Verdana;\n        color: #B90000;\n    }\n    #titulo{\n        font-family: Verdana;\n        color: white;\n        background-color: #B90000;\n    }\n    #ddd{\n        width: 100%;\n    }\n    #telefone{\n        width: 100%;\n    }\n    .alert-success {\n        color: #155724;\n        background-color: #d4edda;\n        border-color: #c3e6cb;\n    }\n    .alert-success div {\n        background-color: transparent;\n    }\n    .alert-success .message {\n        margin-bottom: 20px;\n    }\n    .alert {\n        position: relative;\n        padding: .75rem 1.25rem;\n        margin-bottom: 1rem;\n        border: 1px solid transparent;\n        border-radius: .25rem;\n    }\n    #mensagem-contents {\n        display: none;\n    }\n<\/style>\n<\/style>\n<div>\n<div id=\"mensagem-contents\">\n<div id=\"mensagem\" class=\"alert alert-success\" role=\"alert\">\n<div class=\"message\"><\/div>\n<div class=\"warning\"><b>\u00c9 IMPORTANTE adicionar o n\u00famero e encaminhar a mensagem via WhatsApp, caso contr\u00e1rio, voc\u00ea n\u00e3o estar\u00e1 participando da promo\u00e7\u00e3o.&#8217;<\/b><\/div>\n<\/div>\n<\/div>\n<form method=\"POST\"><label>Nome:<\/label><br \/>\n<input id=\"Nome\" name=\"Nome\" type=\"text\" placeholder=\"Digite aqui o seu nome..\"><\/p>\n<p><label>Sobrenome:<\/label><br \/>\n<input id=\"Sobrenome\" name=\"Sobrenome\" type=\"text\" placeholder=\"Digite aqui o seu sobrenome..\"><\/p>\n<p><label>E-mail:<\/label><br \/>\n<input id=\"Email\" name=\"Email\" type=\"text\" placeholder=\"Digite aqui o seu e-mail..\"><\/p>\n<p><label>Sexo:<\/label><br \/>\n<select id=\"Sexo\" name=\"Sexo\"><option value=\"M\">Masculino<\/option><option value=\"F\">Feminino<\/option><\/select><\/p>\n<p><label>WhatsApp:<\/label><\/p>\n<p><input id=\"DDD\" name=\"DDD\" type=\"number\" placeholder=\"Digite o DDD\"><br \/>\n<input id=\"Telefone\" name=\"Telefone\" type=\"number\" placeholder=\"Digite aqui o n\u00famero de seu WhatsApp\"><\/p>\n<p><input type=\"submit\" value=\"Cadastrar!\"><\/p>\n<\/form>\n<\/div>\n<p><!-- Carrega o jQuery externamente pois \u00e9 s\u00f3 para essa aplica\u00e7\u00e3o --><br \/>\n<!--<script src='https:\/\/code.jquery.com\/jquery-3.3.1.min.js'><\/script>--><br \/>\n<script><br \/>\n        $ = jQuery;<br \/>\n        function showMessage(message){<br \/>\n            $('#mensagem .message').html(message);<br \/>\n            $(\"#mensagem-contents\").show();<br \/>\n        }<br \/>\n        $(document).ready(function(){<br \/>\n            var element = $('#result-data')<br \/>\n            if(element.length > 0){<br \/>\n                var registrado = element.attr('user-already-exists');<br \/>\n                var ddi = element.attr('remetente-ddi');<br \/>\n                var ddd = element.attr('remetente-ddd');<br \/>\n                var telefone= element.attr('remetente-telefone');<br \/>\n                if(registrado == true){<br \/>\n                    showMessage('N\u00famero j\u00e1 cadastrado anteriormente! Por gentileza, certifique-se que o n\u00famero +'+ddi+' ('+ddd+') '+telefone + ' esteja adicionado aos seus contatos e encaminhe-nos uma mensagem via WhatsApp.');<br \/>\n                }else{<br \/>\n                    showMessage('Cadastro realizado com sucesso! Para finalizar, por gentileza, adicione o n\u00famero +'+ddi+' ('+ddd+') '+telefone+' em seus contatos e envie o seu nome para o nosso WhatsApp.');<br \/>\n                }<br \/>\n            }<br \/>\n        });<br \/>\n    <\/script><\/p>\n","protected":false},"excerpt":{"rendered":"<p>\u00c9 IMPORTANTE adicionar o n\u00famero e encaminhar a mensagem via WhatsApp, caso contr\u00e1rio, voc\u00ea n\u00e3o estar\u00e1 participando da promo\u00e7\u00e3o.&#8217; Nome: Sobrenome: E-mail: Sexo: MasculinoFeminino WhatsApp:<\/p>\n","protected":false},"author":1,"featured_media":0,"parent":0,"menu_order":0,"comment_status":"closed","ping_status":"closed","template":"form_cadastro_contato_template.php","meta":{"footnotes":""},"class_list":["post-4630","page","type-page","status-publish","hentry"],"yoast_head":"<!-- This site is optimized with the Yoast SEO Premium plugin v24.2 (Yoast SEO v26.9) - https:\/\/yoast.com\/product\/yoast-seo-premium-wordpress\/ -->\n<title>Receber not\u00edcias pelo WhatsApp - G\u00e1vea News<\/title>\n<meta name=\"description\" content=\"Receba em tempo real, as not\u00edcias do Fla, no seu Whatsapp! \u00c9 gr\u00e1tis!\" \/>\n<meta name=\"robots\" content=\"index, follow, max-snippet:-1, max-image-preview:large, max-video-preview:-1\" \/>\n<link rel=\"canonical\" href=\"https:\/\/www.gaveanews.com\/index.php\/receber-noticias-pelo-whatsapp\/\" \/>\n<meta property=\"og:locale\" content=\"pt_BR\" \/>\n<meta property=\"og:type\" content=\"article\" \/>\n<meta property=\"og:title\" content=\"Receber not\u00edcias pelo WhatsApp\" \/>\n<meta property=\"og:description\" content=\"Receba em tempo real, as not\u00edcias do Fla, no seu Whatsapp! \u00c9 gr\u00e1tis!\" \/>\n<meta property=\"og:url\" content=\"https:\/\/www.gaveanews.com\/index.php\/receber-noticias-pelo-whatsapp\/\" \/>\n<meta property=\"og:site_name\" content=\"G\u00e1vea News\" \/>\n<meta property=\"article:publisher\" content=\"https:\/\/facebook.com\/gaveaNews\/\" \/>\n<meta property=\"article:modified_time\" content=\"2020-06-24T19:12:25+00:00\" \/>\n<meta name=\"twitter:card\" content=\"summary_large_image\" \/>\n<script type=\"application\/ld+json\" class=\"yoast-schema-graph\">{\"@context\":\"https:\/\/schema.org\",\"@graph\":[{\"@type\":\"WebPage\",\"@id\":\"https:\/\/www.gaveanews.com\/index.php\/receber-noticias-pelo-whatsapp\/\",\"url\":\"https:\/\/www.gaveanews.com\/index.php\/receber-noticias-pelo-whatsapp\/\",\"name\":\"Receber not\u00edcias pelo WhatsApp - G\u00e1vea News\",\"isPartOf\":{\"@id\":\"https:\/\/www.gaveanews.com\/#website\"},\"datePublished\":\"2018-09-15T18:51:06+00:00\",\"dateModified\":\"2020-06-24T19:12:25+00:00\",\"description\":\"Receba em tempo real, as not\u00edcias do Fla, no seu Whatsapp! \u00c9 gr\u00e1tis!\",\"breadcrumb\":{\"@id\":\"https:\/\/www.gaveanews.com\/index.php\/receber-noticias-pelo-whatsapp\/#breadcrumb\"},\"inLanguage\":\"pt-BR\",\"potentialAction\":[{\"@type\":\"ReadAction\",\"target\":[\"https:\/\/www.gaveanews.com\/index.php\/receber-noticias-pelo-whatsapp\/\"]}]},{\"@type\":\"BreadcrumbList\",\"@id\":\"https:\/\/www.gaveanews.com\/index.php\/receber-noticias-pelo-whatsapp\/#breadcrumb\",\"itemListElement\":[{\"@type\":\"ListItem\",\"position\":1,\"name\":\"Home\",\"item\":\"https:\/\/www.gaveanews.com\/\"},{\"@type\":\"ListItem\",\"position\":2,\"name\":\"Receber not\u00edcias pelo WhatsApp\"}]},{\"@type\":\"WebSite\",\"@id\":\"https:\/\/www.gaveanews.com\/#website\",\"url\":\"https:\/\/www.gaveanews.com\/\",\"name\":\"G\u00e1vea News\",\"description\":\"Veja todas as not\u00edcias sobre o Flamengo: Contrata\u00e7\u00f5es, categorias de base, resultados das partidas, tabela de classifica\u00e7\u00e3o, pr\u00f3ximos jogos!\",\"potentialAction\":[{\"@type\":\"SearchAction\",\"target\":{\"@type\":\"EntryPoint\",\"urlTemplate\":\"https:\/\/www.gaveanews.com\/?s={search_term_string}\"},\"query-input\":{\"@type\":\"PropertyValueSpecification\",\"valueRequired\":true,\"valueName\":\"search_term_string\"}}],\"inLanguage\":\"pt-BR\"}]}<\/script>\n<!-- \/ Yoast SEO Premium plugin. -->","yoast_head_json":{"title":"Receber not\u00edcias pelo WhatsApp - G\u00e1vea News","description":"Receba em tempo real, as not\u00edcias do Fla, no seu Whatsapp! \u00c9 gr\u00e1tis!","robots":{"index":"index","follow":"follow","max-snippet":"max-snippet:-1","max-image-preview":"max-image-preview:large","max-video-preview":"max-video-preview:-1"},"canonical":"https:\/\/www.gaveanews.com\/index.php\/receber-noticias-pelo-whatsapp\/","og_locale":"pt_BR","og_type":"article","og_title":"Receber not\u00edcias pelo WhatsApp","og_description":"Receba em tempo real, as not\u00edcias do Fla, no seu Whatsapp! \u00c9 gr\u00e1tis!","og_url":"https:\/\/www.gaveanews.com\/index.php\/receber-noticias-pelo-whatsapp\/","og_site_name":"G\u00e1vea News","article_publisher":"https:\/\/facebook.com\/gaveaNews\/","article_modified_time":"2020-06-24T19:12:25+00:00","twitter_card":"summary_large_image","schema":{"@context":"https:\/\/schema.org","@graph":[{"@type":"WebPage","@id":"https:\/\/www.gaveanews.com\/index.php\/receber-noticias-pelo-whatsapp\/","url":"https:\/\/www.gaveanews.com\/index.php\/receber-noticias-pelo-whatsapp\/","name":"Receber not\u00edcias pelo WhatsApp - G\u00e1vea News","isPartOf":{"@id":"https:\/\/www.gaveanews.com\/#website"},"datePublished":"2018-09-15T18:51:06+00:00","dateModified":"2020-06-24T19:12:25+00:00","description":"Receba em tempo real, as not\u00edcias do Fla, no seu Whatsapp! \u00c9 gr\u00e1tis!","breadcrumb":{"@id":"https:\/\/www.gaveanews.com\/index.php\/receber-noticias-pelo-whatsapp\/#breadcrumb"},"inLanguage":"pt-BR","potentialAction":[{"@type":"ReadAction","target":["https:\/\/www.gaveanews.com\/index.php\/receber-noticias-pelo-whatsapp\/"]}]},{"@type":"BreadcrumbList","@id":"https:\/\/www.gaveanews.com\/index.php\/receber-noticias-pelo-whatsapp\/#breadcrumb","itemListElement":[{"@type":"ListItem","position":1,"name":"Home","item":"https:\/\/www.gaveanews.com\/"},{"@type":"ListItem","position":2,"name":"Receber not\u00edcias pelo WhatsApp"}]},{"@type":"WebSite","@id":"https:\/\/www.gaveanews.com\/#website","url":"https:\/\/www.gaveanews.com\/","name":"G\u00e1vea News","description":"Veja todas as not\u00edcias sobre o Flamengo: Contrata\u00e7\u00f5es, categorias de base, resultados das partidas, tabela de classifica\u00e7\u00e3o, pr\u00f3ximos jogos!","potentialAction":[{"@type":"SearchAction","target":{"@type":"EntryPoint","urlTemplate":"https:\/\/www.gaveanews.com\/?s={search_term_string}"},"query-input":{"@type":"PropertyValueSpecification","valueRequired":true,"valueName":"search_term_string"}}],"inLanguage":"pt-BR"}]}},"_links":{"self":[{"href":"https:\/\/www.gaveanews.com\/index.php\/wp-json\/wp\/v2\/pages\/4630","targetHints":{"allow":["GET"]}}],"collection":[{"href":"https:\/\/www.gaveanews.com\/index.php\/wp-json\/wp\/v2\/pages"}],"about":[{"href":"https:\/\/www.gaveanews.com\/index.php\/wp-json\/wp\/v2\/types\/page"}],"author":[{"embeddable":true,"href":"https:\/\/www.gaveanews.com\/index.php\/wp-json\/wp\/v2\/users\/1"}],"replies":[{"embeddable":true,"href":"https:\/\/www.gaveanews.com\/index.php\/wp-json\/wp\/v2\/comments?post=4630"}],"version-history":[{"count":0,"href":"https:\/\/www.gaveanews.com\/index.php\/wp-json\/wp\/v2\/pages\/4630\/revisions"}],"wp:attachment":[{"href":"https:\/\/www.gaveanews.com\/index.php\/wp-json\/wp\/v2\/media?parent=4630"}],"curies":[{"name":"wp","href":"https:\/\/api.w.org\/{rel}","templated":true}]}}